the tens digit of n?
2
Suppose 0 = -3*l + 2429 + 9922. What is the tens digit of l?
1
Suppose -4*y + 40 = 6*y. Let a(h) = 20*h - 1. Let j be a(1). Suppose -y = 3*z - j. What is the units digit of z?
5
Let d(f) = -f**2 - f - 1. Let g(s) = 2*s**2 + 21*s - 2. Let m(p) = -4*d(p) - g(p). What is the tens digit of m(11)?
6
Let j = 49 - 33. Suppose -11*k - 305 = -j*k. What is the tens digit of k?
6
Let h be 5/10 - (-274)/4. Suppose -4*k = -3*k - 3*u - h, 5*u + 139 = 2*k. What is the tens digit of k?
7
Let q = 20 + -29. Let r = q - -110. Let c = r + -60. What is the units digit of c?
1
Suppose 5*m - 327 = -3*h + 2*m, h = 5*m + 121. Let q = h - 71. What is the tens digit of q?
4
Let z = 87 - 172. Let p be (2/(-2))/(12/720). Let i = p - z. What is the units digit of i?
5
Let i(a) be the third derivative of a**5/3 + 2*a**3/3 + 3*a**2. What is the tens digit of i(2)?
8
What is the units digit of -5 + -1 - (-1575)/42*50?
9
Let a be (-5)/(-3 + -7)*(-4)/(-1). Suppose a*i = -5*u + 68, i = -0*i - 5*u + 24. What is the tens digit of i?
4
Suppose -4*r + 27 = 5*c, 2*c - 19 = -3*r - 4. Suppose 5*d = x + 1305, -4*d - 37 = c*x - 1100. What is the units digit of d?
2
Let v(k) = k**2 + 5*k - 7. Let w be v(-6). Let h(j) = -5*j**3 + j**2. Let a be h(w). Let b = a + 30. What is the tens digit of b?
3
Let c(o) = -24*o**2 - 2*o - 2. Let h be c(-1). What is the units digit of (-6)/(-8) - 2334/h?
8
Suppose -2*x + 4*x - 22 = 0. Suppose h + x = 4*y, -3*y - h + 3*h = -12. Suppose 3*v = -2*z - y*z + 96, -5*v + 160 = -5*z. What is the tens digit of v?
3
Suppose -v + 5*l = -4*v + 3421, -3*l + 5691 = 5*v. What is the thousands digit of v?
1
Let v = 29 + -26. Suppose -211 = -3*r - 5*n, -2*n = v*r - 0*r - 223. What is the units digit of r?
7
Let m(w) = -w**3 + 19*w**2 - 24*w + 49. What is the hundreds digit of m(13)?
7
Let q(i) = -2*i - 4. Let p(l) = l**2 - l + 1. Let k be p(2). Let o(x) = -2*x + 3. Let j be o(k). What is the units digit of q(j)?
2
Let t(f) = -54*f. Let p be t(-2). Suppose 4*c + p = 3*z + 3*c, 0 = -4*c - 12. What is the units digit of z?
5
Suppose -4*b = -7 - 1. Let f(w) = 0*w - b + 48*w**2 + 1 - w + 3*w**2. What is the units digit of f(-1)?
1
Let s(c) = 4*c**2 + c + 3. Let q be s(-7). Suppose -12*h + 8*h = -q. What is the tens digit of h?
4
Suppose -2*k - 63 = -15. Suppose -20 + 25 = 5*d, -3 = -g - d. What is the units digit of k/(-18) - g/(-3)?
2
Suppose 0*x + 92 = 4*x. Let s = 45 - 29. Let c = x - s. What is the units digit of c?
7
Let t = 7 + -7. Let o be ((-3 - -3) + t)/2. Suppose 12 = 4*k, o = 5*l + 4*k - 17 - 5. What is the units digit of l?
2
Let u(x) = -x**3 + 16*x**2 - 14*x - 18. What is the tens digit of u(11)?
3
What is the units digit of 12476/44 + 54/(-99)?
3
Suppose -9 = 3*h, 3*w - 4*h - h - 996 = 0. Suppose 553 + w = 4*y. What is the units digit of y?
0
Let t(k) be the second derivative of 1/2*k**3 - 11/2*k**2 - 2*k + 0. What is the tens digit of t(8)?
1
Let t(y) = -31*y - 13. Let a be t(-9). Let d be (2 - (-2 - -2))/1. Suppose 58 = w - 0*w - 2*j, -d*j = -5*w + a. What is the units digit of w?
2
Suppose -2*y + 3*y - 122 = 0. Let q = -64 + y. What is the tens digit of q?
5
Suppose 4*a - 2*s = -a + 4693, 5*s = -2*a + 1854. What is the units digit of a?
7
Let r be 61*(-4 - (2 + -93)). Suppose 5*y - 3*l - r = 10493, 0 = -2*l. What is the tens digit of 8/14 + y/56?
5
Suppose 60 = 3*a - 81. Let v = a + -27. What is the units digit of 1075/v - 4/(-16)?
4
Let w(o) = o**2 + 22*o + 4. Let v be w(-22). Suppose 337 = -v*h + 1273. What is the units digit of h?
4
Let x(s) = s**2 + 13 - s - 11 + 0*s. Let c = -1 - -4. What is the units digit of x(c)?
8
Suppose x - 196 = -2*m, 5*x - m - 961 = 19. What is the hundreds digit of x?
1
Let u = 13728 + -7902. What is the tens digit of u?
2
Suppose -8*f - 2*f = -800. What is the tens digit of f?
8
Suppose 86*r + 2196 = 90*r. What is the tens digit of r?
4
Suppose 2*g + 2*a = 1010, 11*g = 8*g + 5*a + 1491. What is the hundreds digit of g?
5
Let b(t) = -9*t**2 + t**3 - 2*t**3 - 262*t + 3 + 270*t. Suppose x + g + 5 = 0, 2*g = x + x + 30. What is the tens digit of b(x)?
2
Let r(f) = 2*f**2 + f + 2. Let l be r(-4). Suppose 2 = 2*o - 4*x, -2*o - 11 = -4*o + x. Let w = l + o. What is the tens digit of w?
3
Let t(x) = -6 + 4*x**2 - 5*x**2 + 2*x**2 + x. Let o = 3 + -8. What is the tens digit of t(o)?
1
Let t(p) = 2*p + 14. Let s be t(-10). Suppose -r = 4*r - 80. Let a = s + r. What is the tens digit of a?
1
Let x(t) = -3*t**2 - 2*t - 4. Let j be x(4). Let r be j/(-75) - (-202)/10. Let p = r + -13. What is the units digit of p?
8
Suppose -37*g + 24 = -29*g. Suppose 514 = g*d - 227. What is the hundreds digit of d?
2
Suppose -5*d + 365 = 5*b, 0 = -b - b - 3*d + 151. Let f = 19 + b. Suppose o + l - 28 = 0, o + 2*l = -2*o + f. What is the units digit of o?
1
What is the tens digit of 1932/18*(-72)/(-14)?
5
Let k = 10 + 3. Let l = k - 16. What is the units digit of (-2 + 1)/(l/51)?
7
What is the hundreds digit of 34326/36 - (-3 + (-14)/(-4))?
9
Let q(j) be the second derivative of -j**4/12 - 19*j**3/6 - 13*j**2/2 - 11*j. What is the units digit of q(-15)?
7
Suppose 5*s - 31 = -4*f, 2*s + 2 = f + f. Suppose -82 = -d + f*g, -2*d = 2*d - g - 283. What is the tens digit of d?
7
Suppose 22 = -2*n + 2*d, -4*n + d = 36 + 8. What is the units digit of 2/((n/(-33))/(7*1))?
2
Let f(h) = -2*h**2 - 68*h + 1. What is the units digit of f(-31)?
7
Let x(m) = -m**2 - 2. Let n = 11 - 13. Let t be x(n). What is the units digit of (-939)/(-21) - t/21?
5
Let c(p) = p**2 - 5*p + 2. Let j be c(5). Let k(i) = -i**3 + 6*i**2 + 13*i - 37. Let o be k(7). Suppose -o*f = -j*f - 24. What is the units digit of f?
8
Suppose -r = 3*r + 5*w - 16, -20 = -5*r - 5*w. Suppose 2*g + 954 = 5*b - 2*g, 0 = r*b - 3*g - 764. What is the hundreds digit of b?
1
Suppose 7*x + 161 = -161. Let u = x + 14. Let h = u - -64. What is the tens digit of h?
3
Suppose b = -b - 8. Let r be (-7029)/(-15) - -4 - 9/15. What is the units digit of (-6)/b*r/12?
9
Let a = 48 + -33. Suppose -2*w + 43 - a = 0. What is the units digit of w?
4
Suppose 3*w - 6*w + 1578 = 0. What is the tens digit of w?
2
Let q be 48/20 + (-6)/15. Suppose m - 3*o - q = -2*o, -3*o = -m - 6. Suppose m*j - 8*j = -24. What is the units digit of j?
2
What is the units digit of 7 - (-4 - (8 + 491))?
0
Let i = -20 + 23. Let t be -1*(-1 - i) - 2. Let f = t + 35. What is the units digit of f?
7
Let w(p) = -950*p - 64. What is the thousands digit of w(-5)?
4
Let b = 23 - 13. Let x(w) = 4*w + w + w + b*w**2 + 2*w + w**3 + 7. What is the tens digit of x(-9)?
1
Let y be 32/64*(1*-13 + 1). What is the hundreds digit of ((-20)/(-15))/(y/(-729))?
1
Let t(a) = -a + 11. Let v be (-1)/(-2 + (-22)/(-10)). Let y be t(v). Let r = y - 15. What is the units digit of r?
1
Let k(l) = -l**3 + 12*l**2 + 16*l + 1. What is the units digit of k(13)?
0
Let r(k) = 149*k**2 - 4*k - 3. Let p be r(-1). Suppose l + l + 5*g = p, 0 = -l - 4*g + 81. What is the tens digit of l?
6
Let c(x) = x**3 + 6*x**2 + 8*x + 5. Let w be c(-4). Let h(d) = 7*d - 10. What is the tens digit of h(w)?
2
Suppose 0 = 4*w + 11 - 19. Let a(y) = 41*y**2 + 2*y - 6. What is the hundreds digit of a(w)?
1
Suppose 18*s - 2309 = -4*j + 21*s, 0 = -2*j + 5*s + 1165. What is the hundreds digit of j?
5
Let a be (-4)/10*(-33 + 3). Let t be (a/(-8))/((-6)/400). Suppose -3*b - 2*b = -t. What is the units digit of b?
0
Let y = -579 + 1241. What is the units digit of y?
2
Let h(d) be the second derivative of d**5/20 - 4*d**4/3 + 3*d**3 - 7*d**2 - 5*d. Let o be h(15). Suppose -o = -2*s + 11. What is the units digit of s?
1
Let i be (10/(3/(-3)))/(14/49). What is the tens digit of (-30 - i)*106/5?
0
Let m = -9 + 5. Let g be (-17)/m - (-3)/(-12). Suppose g*t - 46 = -14. What is the units digit of t?
8
Let w(y) = -3*y**3 + 3*y**2 + 5*y + 4. Let l be (1/2)/(14/(-56)). Let u be w(l). Let b = 67 - u. What is the units digit of b?
7
Suppose -10*w + 594 = w. What is the tens digit of w?
5
Let t(n) = 6*n - 6. Let y be (4 - 4 - -3) + 0. Suppose -4*v - 22 = -y*m, -4*m - 2*v = -4*v - 26. What is the tens digit of t(m)?
3
Let s(k) = 9*k + 29. Let d be s(7). Suppose 54 = 2*n + 3*l - 142, -n = 3*l - d. What is the tens digit of n?
0
Suppose 6*a + 46 = 4*a. Let q(l) = -l + 47. Let h be q(13). Let j = h + a. What 